*p - 320*k = -322*k + 12383, -k = 5*p - 20629. List the prime factors of p.
3, 5, 11
Let h(u) = 6*u - 5 - 12 - 3*u + 14. Let q be h(1). Suppose -7*y + 308 = -q*y. What are the prime factors of y?
2, 11
Suppose 7229 = s + 3*x, -21*s + 36145 = -16*s - x. What are the prime factors of s?
7229
What are the prime factors of ((-370)/(-5))/(1/(-220)*-2)?
2, 5, 11, 37
Let p(x) = 23*x**3 - 3*x**2 - 2*x - 4. Let h be p(-2). Let v = h + 246. List the prime factors of v.
2, 5
What are the prime factors of ((-583)/44 - (-99)/9)*-12444?
3, 17, 61
Suppose -7*w = -1558 + 88. List the prime factors of (-2)/2 - -3 - -4*w.
2, 421
Suppose 95205 = -68*w - 104160 + 1316469. What are the prime factors of w?
2, 3, 37
Let a(w) = -w + 40. Let g be a(37). Suppose -5*v + g*h + 1816 = -1444, 4*v - 2608 = 2*h. What are the prime factors of v?
2, 163
Let h = 7065 - 4510. List the prime factors of h.
5, 7, 73
Let f be (6/(-3) + -3434)*1/(-2). Suppose -2323 = -4*t + 5*d, -4*t - d + 611 = -f. Suppose -5*m + 1509 = 3*v + 2, -4*v - t = -2*m. List the prime factors of m.
13, 23
Suppose x + 5*w = w, x - 4*w - 16 = 0. Let y be 8/6*(94/24 - 520/(-390)). Suppose -x*l + 57 = -y*l. List the prime factors of l.
3, 19
Let u(o) be the second derivative of -o**3/3 + 3*o**2/2 - 29*o. Let q be u(1). What are the prime factors of (20/(-6) - -3)/(q/(-159))?
53
Let p(b) = 18426*b + 2306. List the prime factors of p(2).
2, 7, 2797
Let g(t) = -8*t - 11. Let z be 18/(-12)*2/3. Let l(s) = -5*s**2 + s. Let h be l(z). What are the prime factors of g(h)?
37
Let x(p) = 8*p**2 + 2*p + 124. What are the prime factors of x(22)?
2, 5, 101
Let x be 0*(7/2)/7*1. Let j(q) = q**2 - 10*q + 13. Let t be j(9). Suppose x = 2*v - t*v + 12. List the prime factors of v.
2, 3
Let v(a) = -126*a + 33. Let w be v(-8). Suppose 76*h = 79*h - w. List the prime factors of h.
347
Let j = -38 + 40. Let a be -82*1*(-1)/j. Suppose n + q + a = 3*n, 0 = -n + q + 23. List the prime factors of n.
2, 3
Suppose l + 4*y = 6295 + 785, 1 = y. List the prime factors of l.
2, 29, 61
Let x(j) = 3050*j**3 + 2*j. What are the prime factors of x(1)?
2, 7, 109
Let a(l) = 14*l + 132. Let t be a(-8). Let w = t + 186. What are the prime factors of w?
2, 103
Suppose 33*q - 10 = -4*g + 38*q, 2*g + 4*q = 18. Suppose 2*m - g*d - 128 = 0, -3*m + 171 = 4*d + 2. What are the prime factors of m?
59
Suppose -p + 5*h = -1614, 7*h - 10 = 5*h. Suppose 2*s - 350 = -5*f + 1716, -4*f + 3*s + p = 0. What are the prime factors of f?
2, 103
Let v be (-4)/38 + 7/((-931)/(-2807)). Let h = 137 + v. What are the prime factors of h?
2, 79
Let s(m) = 1275*m + 299. What are the prime factors of s(12)?
19, 821
Suppose 5*w = -3*f + 23725, 2*w - 9506 = 6*f - 4*f. What are the prime factors of w?
2, 1187
Let v be 2504/6 - 11/33. Let p = v + -21. Suppose 2*x + p = 3*m - 2*x, -3*x = -4*m + 521. What are the prime factors of m?
2
Let t = 81 - 177. Let n = t - -148. List the prime factors of n.
2, 13
Suppose -j + 4839 = -f, 14503 = 3*j + 2*f + 2*f. List the prime factors of j.
7, 691
Let r = -52 + 135. Suppose 20*v - 10*v = 360. Let x = r - v. What are the prime factors of x?
47
Suppose -10*a + 117 = -a. Suppose -4345 = -5*m + h, -15*m + a*m = -4*h - 1756. List the prime factors of m.
2, 7, 31
Let t = 5227 + -4313. What are the prime factors of t?
2, 457
Let f(c) be the first derivative of -13*c**4/24 + 31*c**3/6 - c**2/2 - 19. Let h(n) be the second derivative of f(n). What are the prime factors of h(-7)?
2, 61
Let f(u) = -12*u + 24. Let b be f(-3). Let j be 17 - (-1)/((-3)/(-3)). Suppose -20*x = -j*x - b. List the prime factors of x.
2, 3, 5
Let a(w) = -w**2 + 23*w - 90. Let r be a(18). Suppose 11*b + 1027 - 4008 = r. What are the prime factors of b?
271
Let m(u) = 3*u**2 - 44*u + 222. Suppose x - p = 26, -104 = -4*x + 5*p + 1. List the prime factors of m(x).
997
Let y(m) = 7*m**2 - 128*m - 120. What are the prime factors of y(38)?
2, 3, 7, 61
Let s(h) = -h**3 - 23*h**2 - 21*h + 140. Let t be s(-21). List the prime factors of 4/14 + (-125732)/t.
2, 11, 19
Suppose -25 = 5*r, 5*v - 533 - 47 = -4*r. Suppose 0*d = -5*d + v. List the prime factors of (3 + 21)*30/d.
2, 3, 5
Suppose r - 10 = -3*j, -7*j + 4*r = -5*j + 12. Let w = 14 - 10. Suppose b = j*g + 82, -w*b - 68 = -2*g - 408. What are the prime factors of b?
2, 43
Suppose -4*f - 3*o = -135201, 4*o = 3*f + o - 101385. List the prime factors of f.
2, 3, 43, 131
Let j = -21 - 121. Let k = j + 244. What are the prime factors of k?
2, 3, 17
Let u(y) = 2774*y**2 + 5. Let a be u(2). Suppose -a = -21*b + 4*b. What are the prime factors of b?
653
Let w(p) = p**3 - 30*p**2 - 15*p + 104. Let j be w(36). Suppose 0 = 312*i - 307*i - j. List the prime factors of i.
2, 367
List the prime factors of 219104/62 + 60/930.
2, 3, 19, 31
Suppose 5*i = -2*a - 9, 6*a - 3*i - 12 = 5*a. List the prime factors of (4 + a)*-29*-2.
2, 7, 29
Suppose 0 = -h - 1. Let f be h/((-2 - -1)/(-424)). Let u = -301 - f. What are the prime factors of u?
3, 41
Let b(a) be the third derivative of a**4/24 - a**3/6 + 35*a**2. Let y be b(6). Suppose 11*f = y*f + 1704. What are the prime factors of f?
2, 71
Let n(g) = -7*g**2 - 380*g - 306. What are the prime factors of n(-51)?
3, 17
Let h = -4546 - -2424. Let r = h + 3050. List the prime factors of r.
2, 29
Let g = 437 + -308. Suppose 3*v + 12 = g. Suppose f = 2*f - v. List the prime factors of f.
3, 13
Suppose -391 = c + 158. Let u = 995 + c. What are the prime factors of u?
2, 223
Let t(a) = 2*a + 4. Let f be t(-2). Suppose -49*y + 46*y + 9 = f. Let v = 15 + y. What are the prime factors of v?
2, 3
Suppose -779*u + 4*w = -775*u - 8572, -2*w + 6409 = 3*u. List the prime factors of u.
3, 23, 31
Suppose 0 = l - 3*c + 33, 2*c + 115 = -4*l - 3*c. Let b(t) = -t**3 + 29*t**2 - 54*t + 35. Let v be b(27). Let f = l + v. What are the prime factors of f?
5
Let g be (-1)/((-15)/(-6)) + (-126)/10. Let i = 18 + g. Suppose -3*r = -i*n - 5*r + 62, n - 13 = -r. List the prime factors of n.
2, 3
Let h = 35 + 11. Suppose -h = -5*j - s + 2*s, -6 = j - 4*s. Let a(p) = -p**3 + 10*p**2 + 2*p - 18. List the prime factors of a(j).
2
Let t = 18 + 2. Let a be (-8)/t + (-68)/(-20). Suppose 5*x = i + x - a, -x + 46 = 4*i. List the prime factors of i.
11
Suppose 24*j + 54657 = 27*j - 5*m, -36419 = -2*j - 3*m. What are the prime factors of j?
2, 7, 1301
Let f = -39 - -106. Suppose 67*h - 134 + 1114 = 109. Let u = h + f. List the prime factors of u.
2, 3
Suppose 2*w + 15 = 7*w. Suppose -4*j + 439 = w*h - 664, j + 2*h - 282 = 0. List the prime factors of j.
2, 17
Let i(o) = 4*o - 12*o - 6 + 2*o**2 + 5 - 2. Let p = -3 - -10. What are the prime factors of i(p)?
3, 13
List the prime factors of 11 + 9 + 11672 + 0.
2, 37, 79
Let r(p) = -89*p**3 - 108*p**2 - 808*p - 29. What are the prime factors of r(-8)?
67, 673
Let d(k) be the third derivative of 3*k**5/4 + k**4/12 - 5*k**3/3 - 26*k**2 - 2. List the prime factors of d(2).
2, 3, 29
Let p be ((-12)/(-9))/(-1)*75/(-50). Suppose -4*t + 2143 = p*h - 2817, 0 = h + 2. What are the prime factors of t?
17, 73
Let s be (-3)/(-21) + -5 + 96/14. Suppose 0 = 2*x + h - 1563, -45*x = -43*x - s*h - 1572. What are the prime factors of x?
3, 29
Let w(y) = -1135*y + 63298. What are the prime factors of w(0)?
2, 31649
Let s = 47504 - 26498. What are the prime factors of s?
2, 3, 389
Suppose -p - 6*p + 126 = 0. Suppose -98 = 19*s - p*s. Let l = 79 - s. List the prime factors of l.
3, 59
Let r be (-10 + 0)/40 + (-9)/(-4). Suppose -3*p + 907 = r*h - 6*p, -p = -3*h + 1350. What are the prime factors of h?
449
Let m(s) be the third derivative of -s**4/12 - 5*s**3/3 - 15*s**2. Let k be m(2). Let r = 98 - k. List the prime factors of r.
2, 7
Suppose -48*c + 5*r + 7573 = -45*c, 0 = -4*c + 5*r + 10084. What are the prime factors of c?
3, 31
Suppose 142 = 7*d - 208. Suppose -w + 3*m = -m - 11, 2*w - m = d. List the prime factors of w.
3
Let x be (0 + 0)*(-12)/(-36). Suppose 4*r - 5*j = -0*r + 1589, x = -r + j + 398. List the prime factors of r.
401
Suppose -2*f - 3*l - 1756 = 0, -2*f - 1784 = l - 5*l. Let i = f - -1312. Suppose -9*p = -i - 328. What are the prime factors of p?
2, 3, 7
Suppose 10*m + 82 = 12*m. Let x = m - -11. Suppose -792 = -5*f - x. List the prime factors of f.
2, 37
Suppose 34199 = 33*u + 473. What are the prime 